{"id":8,"date":"2023-06-07T17:26:19","date_gmt":"2023-06-07T15:26:19","guid":{"rendered":"http:\/\/krpro.pl\/?page_id=8"},"modified":"2026-03-25T14:01:10","modified_gmt":"2026-03-25T13:01:10","slug":"informacje","status":"publish","type":"page","link":"https:\/\/krpro.pl\/index.php\/informacje\/","title":{"rendered":"Informacje"},"content":{"rendered":"\n<div class=\"wp-block-cover alignfull\" style=\"min-height:50px;aspect-ratio:unset;\"><span aria-hidden=\"true\" class=\"wp-block-cover__background has-nv-site-bg-background-color has-background-dim-100 has-background-dim\"><\/span><div class=\"wp-block-cover__inner-container is-layout-flow wp-block-cover-is-layout-flow\">\n<div class=\"wp-block-group\"><div class=\"wp-block-group__inner-container is-layout-flow wp-block-group-is-layout-flow\">\n<h1 class=\"wp-block-heading has-text-align-left has-neve-text-color-color has-text-color\">Informacje<\/h1>\n\n\n\n<p><\/p>\n<\/div><\/div>\n<\/div><\/div>\n\n\n\n<div class=\"wp-block-cover alignfull\" style=\"min-height:600px;aspect-ratio:unset;\"><span aria-hidden=\"true\" class=\"wp-block-cover__background has-nv-light-bg-background-color has-background-dim-100 has-background-dim\"><\/span><div class=\"wp-block-cover__inner-container is-layout-flow wp-block-cover-is-layout-flow\">\n<div class=\"wp-block-group\"><div class=\"wp-block-group__inner-container is-layout-flow wp-block-group-is-layout-flow\">\n<div style=\"height:80px\" aria-hidden=\"true\" class=\"wp-block-spacer\"><\/div>\n\n\n\n<div class=\"wp-block-group\"><div class=\"wp-block-group__inner-container is-layout-constrained wp-block-group-is-layout-constrained\">\n<div class=\"wp-block-columns is-layout-flex wp-container-core-columns-is-layout-9d6595d7 wp-block-columns-is-layout-flex\">\n<div class=\"wp-block-column is-vertically-aligned-center is-layout-flow wp-block-column-is-layout-flow\" style=\"flex-basis:50%\">\n<figure class=\"wp-block-gallery has-nested-images columns-default is-cropped wp-block-gallery-1 is-layout-flex wp-block-gallery-is-layout-flex\">\n<figure class=\"wp-block-image size-full\"><img loading=\"lazy\" decoding=\"async\" width=\"250\" height=\"250\" data-id=\"643\" src=\"https:\/\/krpro.pl\/wp-content\/uploads\/2026\/03\/Logo-KR-PRO-SERWIS.png\" alt=\"\" class=\"wp-image-643\" srcset=\"https:\/\/krpro.pl\/wp-content\/uploads\/2026\/03\/Logo-KR-PRO-SERWIS.png 250w, https:\/\/krpro.pl\/wp-content\/uploads\/2026\/03\/Logo-KR-PRO-SERWIS-150x150.png 150w\" sizes=\"auto, (max-width: 250px) 100vw, 250px\" \/><\/figure>\n\n\n\n<figure class=\"wp-block-image size-full\"><img loading=\"lazy\" decoding=\"async\" width=\"500\" height=\"500\" data-id=\"123\" src=\"https:\/\/krpro.pl\/wp-content\/uploads\/2023\/06\/KR-logo-dlugie.png\" alt=\"\" class=\"wp-image-123\" srcset=\"https:\/\/krpro.pl\/wp-content\/uploads\/2023\/06\/KR-logo-dlugie.png 500w, https:\/\/krpro.pl\/wp-content\/uploads\/2023\/06\/KR-logo-dlugie-300x300.png 300w, https:\/\/krpro.pl\/wp-content\/uploads\/2023\/06\/KR-logo-dlugie-150x150.png 150w\" sizes=\"auto, (max-width: 500px) 100vw, 500px\" \/><\/figure>\n<\/figure>\n<\/div>\n\n\n\n<div class=\"wp-block-column is-layout-flow wp-block-column-is-layout-flow\"><\/div>\n\n\n\n<div class=\"wp-block-column is-layout-flow wp-block-column-is-layout-flow\" style=\"flex-basis:50%\">\n<h2 class=\"wp-block-heading has-neve-text-color-color has-text-color\">O nas<\/h2>\n\n\n\n<div class=\"wp-block-group is-vertical is-layout-flex wp-container-core-group-is-layout-8cf370e7 wp-block-group-is-layout-flex\">\n<p class=\"has-text-align-left\"><mark style=\"background-color:rgba(0, 0, 0, 0)\" class=\"has-inline-color has-nv-dark-bg-color\">Grupa KR PRO z\u0142o\u017cona jest z dw\u00f3ch firm KR PRO<\/mark> <mark style=\"background-color:rgba(0, 0, 0, 0)\" class=\"has-inline-color has-nv-dark-bg-color\">Projektowanie-In\u017cynieria Techniczna oraz KR PRO Serwis. <\/mark><\/p>\n\n\n\n<p class=\"has-text-align-left\"><mark style=\"background-color:rgba(0, 0, 0, 0)\" class=\"has-inline-color has-neve-text-color-color\">Specjalizujemy si\u0119 w projektowaniu, remontowaniu i modernizacji  instalacji przemys\u0142owych i konstrukcji stalowych.<\/mark> <\/p>\n\n\n\n<p class=\"has-text-align-left\"><mark style=\"background-color:rgba(0, 0, 0, 0)\" class=\"has-inline-color has-neve-text-color-color\">Wykonujemy, montujemy i dostarczamy gotowe cz\u0119\u015bci maszyn i urz\u0105dze\u0144.<\/mark> <\/p>\n\n\n\n<p class=\"has-text-align-left\"><mark style=\"background-color:rgba(0, 0, 0, 0)\" class=\"has-inline-color has-neve-text-color-color\">Nasz park technologiczny to m.in.: walcarka, tokarki, frezarki, pi\u0142y, ploter plazmowy, wiertarki i wiele innych. Spawamy na profesjonalnym sprz\u0119cie spawalniczym znanych marek.<\/mark><\/p>\n\n\n\n<p class=\"has-text-align-left\"><mark style=\"background-color:rgba(0, 0, 0, 0)\" class=\"has-inline-color has-neve-text-color-color\">Wsp\u00f3\u0142pracujemy z bran\u017cami takimi jak hutnictwo, g\u00f3rnictwo, recykling, kruszywa, produkcja cementu.<\/mark><br><\/p>\n\n\n\n<p class=\"has-text-align-left\"><mark style=\"background-color:rgba(0, 0, 0, 0)\" class=\"has-inline-color has-nv-dark-bg-color\">O wykonanie projekt\u00f3w, odpowiedni\u0105 dokumentacj\u0119, doradztwo oraz prace remontowe i nadz\u00f3r nad nimi\u00a0dba nasza wykwalifikowana i do\u015bwiadczona kadra.<\/mark><br><\/p>\n<\/div>\n<\/div>\n<\/div>\n<\/div><\/div>\n\n\n\n<div style=\"height:23px\" aria-hidden=\"true\" class=\"wp-block-spacer\"><\/div>\n<\/div><\/div>\n<\/div><\/div>\n\n\n\n<div style=\"height:80px\" aria-hidden=\"true\" class=\"wp-block-spacer\"><\/div>\n\n\n\n<div style=\"height:80px\" aria-hidden=\"true\" class=\"wp-block-spacer\"><\/div>\n\n\n\n<div class=\"wp-block-cover alignfull\" style=\"min-height:600px;aspect-ratio:unset;\"><span aria-hidden=\"true\" class=\"wp-block-cover__background has-nv-light-bg-background-color has-background-dim-100 has-background-dim\"><\/span><div class=\"wp-block-cover__inner-container is-layout-flow wp-block-cover-is-layout-flow\">\n<div class=\"wp-block-group\"><div class=\"wp-block-group__inner-container is-layout-flow wp-block-group-is-layout-flow\">\n<div class=\"wp-block-columns is-layout-flex wp-container-core-columns-is-layout-9d6595d7 wp-block-columns-is-layout-flex\">\n<div class=\"wp-block-column is-layout-flow wp-block-column-is-layout-flow\">\n<div style=\"height:160px\" aria-hidden=\"true\" class=\"wp-block-spacer\"><\/div>\n\n\n<div class=\"wp-block-image\">\n<figure class=\"aligncenter size-large is-resized\"><img loading=\"lazy\" decoding=\"async\" width=\"1364\" height=\"1365\" src=\"https:\/\/krpro.pl\/wp-content\/uploads\/2023\/06\/20221023_KSAF_AGH_WRSS_WEiP_ZSerwin_Karol_Rakowski2-edited.jpg\" alt=\"\" class=\"wp-image-80\" style=\"width:406px;height:406px\" srcset=\"https:\/\/krpro.pl\/wp-content\/uploads\/2023\/06\/20221023_KSAF_AGH_WRSS_WEiP_ZSerwin_Karol_Rakowski2-edited.jpg 1364w, https:\/\/krpro.pl\/wp-content\/uploads\/2023\/06\/20221023_KSAF_AGH_WRSS_WEiP_ZSerwin_Karol_Rakowski2-edited-300x300.jpg 300w, https:\/\/krpro.pl\/wp-content\/uploads\/2023\/06\/20221023_KSAF_AGH_WRSS_WEiP_ZSerwin_Karol_Rakowski2-edited-1024x1024.jpg 1024w, https:\/\/krpro.pl\/wp-content\/uploads\/2023\/06\/20221023_KSAF_AGH_WRSS_WEiP_ZSerwin_Karol_Rakowski2-edited-150x150.jpg 150w, https:\/\/krpro.pl\/wp-content\/uploads\/2023\/06\/20221023_KSAF_AGH_WRSS_WEiP_ZSerwin_Karol_Rakowski2-edited-768x769.jpg 768w\" sizes=\"auto, (max-width: 1364px) 100vw, 1364px\" \/><\/figure>\n<\/div>\n\n\n<div style=\"height:20px\" aria-hidden=\"true\" class=\"wp-block-spacer\"><\/div>\n\n\n\n<h3 class=\"wp-block-heading has-text-align-center has-neve-text-color-color has-text-color\">Karol Rakowski<\/h3>\n\n\n\n<p class=\"has-text-align-center has-neve-text-color-color has-text-color\">W\u0142a\u015bciciel<\/p>\n<\/div>\n<\/div>\n<\/div><\/div>\n\n\n\n<div style=\"height:80px\" aria-hidden=\"true\" class=\"wp-block-spacer\"><\/div>\n<\/div><\/div>\n","protected":false},"excerpt":{"rendered":"","protected":false},"author":1,"featured_media":0,"parent":0,"menu_order":0,"comment_status":"closed","ping_status":"closed","template":"","meta":{"neve_meta_sidebar":"","neve_meta_container":"","neve_meta_enable_content_width":"on","neve_meta_content_width":100,"neve_meta_title_alignment":"","neve_meta_author_avatar":"","neve_post_elements_order":"","neve_meta_disable_header":"","neve_meta_disable_footer":"","neve_meta_disable_title":"on","_vp_format_video_url":"","_vp_image_focal_point":[],"footnotes":""},"class_list":["post-8","page","type-page","status-publish","hentry"],"_links":{"self":[{"href":"https:\/\/krpro.pl\/index.php\/wp-json\/wp\/v2\/pages\/8","targetHints":{"allow":["GET"]}}],"collection":[{"href":"https:\/\/krpro.pl\/index.php\/wp-json\/wp\/v2\/pages"}],"about":[{"href":"https:\/\/krpro.pl\/index.php\/wp-json\/wp\/v2\/types\/page"}],"author":[{"embeddable":true,"href":"https:\/\/krpro.pl\/index.php\/wp-json\/wp\/v2\/users\/1"}],"replies":[{"embeddable":true,"href":"https:\/\/krpro.pl\/index.php\/wp-json\/wp\/v2\/comments?post=8"}],"version-history":[{"count":20,"href":"https:\/\/krpro.pl\/index.php\/wp-json\/wp\/v2\/pages\/8\/revisions"}],"predecessor-version":[{"id":646,"href":"https:\/\/krpro.pl\/index.php\/wp-json\/wp\/v2\/pages\/8\/revisions\/646"}],"wp:attachment":[{"href":"https:\/\/krpro.pl\/index.php\/wp-json\/wp\/v2\/media?parent=8"}],"curies":[{"name":"wp","href":"https:\/\/api.w.org\/{rel}","templated":true}]}}